What are the prime factors of 301326?
2, 3, 50221
List the prime factors of 335566.
2, 7, 11, 2179
List the prime factors of 5624911.
5624911
What are the prime factors of 15655557?
3, 5218519
What are the prime factors of 307426?
2, 7, 3137
List the prime factors of 1761085.
5, 352217
List the prime factors of 5807449.
103, 56383
What are the prime factors of 7344109?
977, 7517
What are the prime factors of 6638840?
2, 5, 13, 17, 751
What are the prime factors of 10487769?
3, 103, 33941
What are the prime factors of 2669829?
3, 73, 167
What are the prime factors of 11908307?
19, 32987
List the prime factors of 793940.
2, 5, 7, 53, 107
List the prime factors of 1467198.
2, 3, 37, 2203
What are the prime factors of 9995167?
7, 13, 17, 71
What are the prime factors of 36930?
2, 3, 5, 1231
List the prime factors of 375162.
2, 3, 31, 2017
What are the prime factors of 395574?
2, 3, 65929
What are the prime factors of 93963?
3, 31321
What are the prime factors of 361941?
3, 120647
What are the prime factors of 1055887?
7, 17, 19, 467
List the prime factors of 13307051.
13307051
List the prime factors of 484120.
2, 5, 7, 13, 19
List the prime factors of 1729054.
2, 59, 14653
List the prime factors of 9664308.
2, 3, 29, 9257
What are the prime factors of 176083?
37, 4759
What are the prime factors of 914216?
2, 114277
What are the prime factors of 78551?
11, 37, 193
What are the prime factors of 26904548?
2, 11, 611467
List the prime factors of 11041311.
3, 23, 160019
List the prime factors of 26583.
3, 8861
What are the prime factors of 4476552?
2, 3, 19, 9817
List the prime factors of 6242994.
2, 3, 89, 433
What are the prime factors of 184923?
3, 761
List the prime factors of 38730.
2, 3, 5, 1291
List the prime factors of 3384437.
7, 483491
List the prime factors of 1096735.
5, 401, 547
What are the prime factors of 1813258?
2, 181, 5009
List the prime factors of 564191.
564191
What are the prime factors of 589256?
2, 73, 1009
List the prime factors of 2978944.
2, 17, 37
What are the prime factors of 1113?
3, 7, 53
List the prime factors of 1674831.
3, 19, 29383
What are the prime factors of 131928?
2, 3, 23, 239
What are the prime factors of 1770724?
2, 19, 23, 1013
What are the prime factors of 596284?
2, 13, 11467
List the prime factors of 327148.
2, 17, 283
What are the prime factors of 9530938?
2, 4765469
List the prime factors of 9315.
3, 5, 23
List the prime factors of 359265.
3, 5, 43, 557
What are the prime factors of 305381?
31, 9851
What are the prime factors of 3090379?
17, 181787
What are the prime factors of 2256532?
2, 564133
List the prime factors of 27428085.
3, 5, 137, 1483
List the prime factors of 3381905.
5, 19, 97, 367
What are the prime factors of 10347121?
10347121
List the prime factors of 487387.
487387
What are the prime factors of 228323?
19, 61, 197
What are the prime factors of 1705757?
1705757
What are the prime factors of 27459875?
5, 219679
List the prime factors of 20398069.
20398069
What are the prime factors of 337100?
2, 5, 3371
List the prime factors of 6647372.
2, 613, 2711
What are the prime factors of 8299730?
2, 5, 47, 17659
List the prime factors of 295689.
3, 98563
What are the prime factors of 133815?
3, 5, 11, 811
List the prime factors of 1504666.
2, 131, 5743
List the prime factors of 315148.
2, 78787
List the prime factors of 8053978.
2, 4026989
List the prime factors of 407141.
7, 1187
List the prime factors of 174769.
7, 24967
List the prime factors of 1135354.
2, 11, 51607
What are the prime factors of 932746?
2, 466373
What are the prime factors of 2919881?
137, 21313
What are the prime factors of 9732946?
2, 31, 179, 877
List the prime factors of 1867615.
5, 199, 1877
What are the prime factors of 3392612?
2, 67, 12659
List the prime factors of 2137512.
2, 3, 13, 17, 31
List the prime factors of 344952.
2, 3, 1597
List the prime factors of 344076.
2, 3, 53, 541
What are the prime factors of 751004?
2, 187751
What are the prime factors of 2177033?
1117, 1949
List the prime factors of 345640.
2, 5, 8641
What are the prime factors of 3297685?
5, 277, 2381
What are the prime factors of 31879?
71, 449
List the prime factors of 124576.
2, 17, 229
What are the prime factors of 861353?
861353
List the prime factors of 370374.
2, 3, 61729
List the prime factors of 1182399.
3, 41, 9613
List the prime factors of 378399.
3, 7, 37, 487
List the prime factors of 4903547.
11, 223, 1999
What are the prime factors of 275486?
2, 137743
What are the prime factors of 2568789?
3, 285421
What are the prime factors of 2447827?
19, 128833
List the prime factors of 4129729.
4129729
What are the prime factors of 3564535?
5, 13, 29, 31, 61
List the prime factors of 5932585.
5, 1186517
What are the prime factors of 373120?
2, 5, 11, 53
List the prime factors of 1686170.
2, 5, 168617
What are the prime factors of 2878999?
2878999
What are the prime factors of 31058?
2, 53, 293
List the prime factors of 433218.
2, 3, 103, 701
What are the prime factors of 89118?
2, 3, 4951
What are the prime factors of 1572495?
3, 5, 79, 1327
What are the prime factors of 16416974?
2, 7, 37, 41, 773
What are the prime factors of 1755783?
3, 65029
What are the prime factors of 4215771?
3, 7, 61, 1097
List the prime factors of 9057597.
3, 41, 211, 349
What are the prime factors of 3264659?
61, 109, 491
What are the prime factors of 263333?
7, 37619
List the prime factors of 4572441.
3, 59, 79, 109
List the prime factors of 342273.
3, 271, 421
What are the prime factors of 3143602?
2, 7, 11, 137, 149
List the prime factors of 419421.
3, 251, 557
List the prime factors of 3355865.
5, 167, 4019
What are the prime factors of 1202123?
13, 89, 1039
What are the prime factors of 50156?
2, 12539
List the prime factors of 13181929.
829, 15901
What are the prime factors of 7272964?
2, 1818241
List the prime factors of 4583747.
7, 654821
List the prime factors of 395641.
17, 37
What are the prime factors of 192697?
192697
List the prime factors of 114191.
7, 11, 1483
List the prime factors of 1176686.
2, 7, 12007
List the prime factors of 5673311.
7, 810473
What are the prime factors of 51163?
7, 7309
List the prime factors of 127234.
2, 63617
List the prime factors of 3821504.
2, 29, 71
List the prime factors of 566339.
31, 18269
List the prime factors of 590604.
2, 3, 7, 79, 89
List the prime factors of 381236.
2, 191, 499
List the prime factors of 419659.
29, 499
List the prime factors of 8951118.
2, 3, 11, 135623
List the prime factors of 5497193.
13, 422861
List the prime factors of 95077.
31, 3067
What are the prime factors of 2478439?
53, 101, 463
What are the prime factors of 582243?
3, 421, 461
What are the prime factors of 772789?
772789
What are the prime factors of 7409411?
19, 271, 1439
What are the prime factors of 125467?
37, 3391
List the prime factors of 2404916.
2, 727, 827
What are the prime factors of 5316201?
3, 11, 53699
What are the prime factors of 409983?
3, 7, 2789
What are the prime factors of 2125128?
2, 3, 88547
What are the prime factors of 5626?
2, 29, 97
List the prime factors of 20705.
5, 41, 101
What are the prime factors of 597901?
597901
List the prime factors of 23517.
3, 13, 67
What are the prime factors of 5417551?
5417551
List the prime factors of 2454407.
2454407
List the prime factors of 413869.
413869
What are the prime factors of 1317283?
11, 31, 3863
List the prime factors of 2974553.
2974553
List the prime factors of 13846691.
491, 28201
List the prime factors of 2613304.
2, 326663
What are the prime factors of 19518218?
2, 29, 336521
List the prime factors of 678786.
2, 3, 113131
What are the prime factors of 652825?
5, 26113
What are the prime factors of 3399630?
2, 3, 5, 13, 23, 379
What are the prime factors of 867274?
2, 19, 29, 787
What are the prime factors of 1586723?
1586723
What are the prime factors of 909098?
2, 23, 19763
What are the prime factors of 448369?
29, 15461
List the prime factors of 478068.
2, 3, 39839
List the prime factors of 3845656.
2, 480707
What are the prime factors of 571028?
2, 142757
List the prime factors of 883064.
2, 7, 13, 1213
List the prime factors of 163347.
3, 54449
What are the prime factors of 4661378?
2, 2330689
List the prime factors of 11139956.
2, 67, 197,